{"id":4839,"date":"2023-11-15T19:24:42","date_gmt":"2023-11-15T16:24:42","guid":{"rendered":"http:\/\/drmelihsezgic.com\/faq-items\/wann-sollte-eine-sekundaere-nasenkorrektur-durchgefuehrt-werden\/"},"modified":"2023-11-15T19:24:42","modified_gmt":"2023-11-15T16:24:42","slug":"wann-sollte-eine-sekundaere-nasenkorrektur-durchgefuehrt-werden","status":"publish","type":"avada_faq","link":"https:\/\/www.drmelihsezgic.com\/de\/faq-items\/wann-sollte-eine-sekundaere-nasenkorrektur-durchgefuehrt-werden\/","title":{"rendered":"Wann sollte eine sekund\u00e4re Nasenkorrektur durchgef\u00fchrt werden?"},"content":{"rendered":"<p>Obwohl es keine Altersbeschr\u00e4nkung gibt, wird die Behandlung nicht f\u00fcr Personen unter 18 Jahren empfohlen, deren Gesichtsentwicklung noch nicht abgeschlossen ist.<\/p>\n","protected":false},"excerpt":{"rendered":"<p>Obwohl es keine Altersbeschr\u00e4nkung gibt, wird die Behandlung nicht f\u00fcr  [&#8230;]<\/p>\n","protected":false},"author":1,"featured_media":0,"menu_order":0,"comment_status":"closed","ping_status":"closed","template":"","format":"standard","meta":{"_acf_changed":false,"_joinchat":[],"footnotes":""},"faq_category":[],"class_list":["post-4839","avada_faq","type-avada_faq","status-publish","format-standard","hentry"],"acf":[],"_links":{"self":[{"href":"https:\/\/www.drmelihsezgic.com\/de\/wp-json\/wp\/v2\/avada_faq\/4839","targetHints":{"allow":["GET"]}}],"collection":[{"href":"https:\/\/www.drmelihsezgic.com\/de\/wp-json\/wp\/v2\/avada_faq"}],"about":[{"href":"https:\/\/www.drmelihsezgic.com\/de\/wp-json\/wp\/v2\/types\/avada_faq"}],"author":[{"embeddable":true,"href":"https:\/\/www.drmelihsezgic.com\/de\/wp-json\/wp\/v2\/users\/1"}],"replies":[{"embeddable":true,"href":"https:\/\/www.drmelihsezgic.com\/de\/wp-json\/wp\/v2\/comments?post=4839"}],"version-history":[{"count":0,"href":"https:\/\/www.drmelihsezgic.com\/de\/wp-json\/wp\/v2\/avada_faq\/4839\/revisions"}],"wp:attachment":[{"href":"https:\/\/www.drmelihsezgic.com\/de\/wp-json\/wp\/v2\/media?parent=4839"}],"wp:term":[{"taxonomy":"faq_category","embeddable":true,"href":"https:\/\/www.drmelihsezgic.com\/de\/wp-json\/wp\/v2\/faq_category?post=4839"}],"curies":[{"name":"wp","href":"https:\/\/api.w.org\/{rel}","templated":true}]}}

Wann sollte eine sekundäre Nasenkorrektur durchgeführt werden?

<p>Obwohl es keine Altersbeschränkung gibt, wird die Behandlung nicht für Personen unter 18 Jahren empfohlen, deren Gesichtsentwicklung noch nicht abgeschlossen ist.</p>

<p>Obwohl es keine Altersbeschränkung gibt, wird die Behandlung nicht für  [&#8230;]</p>
