{"id":4838,"date":"2023-11-15T19:25:11","date_gmt":"2023-11-15T16:25:11","guid":{"rendered":"http:\/\/drmelihsezgic.com\/faq-items\/werden-nach-einer-brustaesthetik-operation-narben-zurueckbleiben\/"},"modified":"2023-11-15T19:25:11","modified_gmt":"2023-11-15T16:25:11","slug":"werden-nach-einer-brustaesthetik-operation-narben-zurueckbleiben","status":"publish","type":"avada_faq","link":"https:\/\/www.drmelihsezgic.com\/de\/faq-items\/werden-nach-einer-brustaesthetik-operation-narben-zurueckbleiben\/","title":{"rendered":"Werden nach einer Brust\u00e4sthetik-Operation Narben zur\u00fcckbleiben?"},"content":{"rendered":"<p>Mit der Zeit nimmt die Stelle, an der der Schnitt gemacht wird, die Farbe der K\u00f6rperhaut an und erscheint bei den meisten Menschen unmerklich blass.<\/p>\n","protected":false},"excerpt":{"rendered":"<p>Mit der Zeit nimmt die Stelle, an der der Schnitt  [&#8230;]<\/p>\n","protected":false},"author":1,"featured_media":0,"menu_order":0,"comment_status":"closed","ping_status":"closed","template":"","format":"standard","meta":{"_acf_changed":false,"_joinchat":[],"footnotes":""},"faq_category":[],"class_list":["post-4838","avada_faq","type-avada_faq","status-publish","format-standard","hentry"],"acf":[],"_links":{"self":[{"href":"https:\/\/www.drmelihsezgic.com\/de\/wp-json\/wp\/v2\/avada_faq\/4838","targetHints":{"allow":["GET"]}}],"collection":[{"href":"https:\/\/www.drmelihsezgic.com\/de\/wp-json\/wp\/v2\/avada_faq"}],"about":[{"href":"https:\/\/www.drmelihsezgic.com\/de\/wp-json\/wp\/v2\/types\/avada_faq"}],"author":[{"embeddable":true,"href":"https:\/\/www.drmelihsezgic.com\/de\/wp-json\/wp\/v2\/users\/1"}],"replies":[{"embeddable":true,"href":"https:\/\/www.drmelihsezgic.com\/de\/wp-json\/wp\/v2\/comments?post=4838"}],"version-history":[{"count":0,"href":"https:\/\/www.drmelihsezgic.com\/de\/wp-json\/wp\/v2\/avada_faq\/4838\/revisions"}],"wp:attachment":[{"href":"https:\/\/www.drmelihsezgic.com\/de\/wp-json\/wp\/v2\/media?parent=4838"}],"wp:term":[{"taxonomy":"faq_category","embeddable":true,"href":"https:\/\/www.drmelihsezgic.com\/de\/wp-json\/wp\/v2\/faq_category?post=4838"}],"curies":[{"name":"wp","href":"https:\/\/api.w.org\/{rel}","templated":true}]}}

Werden nach einer Brustästhetik-Operation Narben zurückbleiben?

<p>Mit der Zeit nimmt die Stelle, an der der Schnitt gemacht wird, die Farbe der Körperhaut an und erscheint bei den meisten Menschen unmerklich blass.</p>
