{"id":4837,"date":"2023-11-15T19:25:49","date_gmt":"2023-11-15T16:25:49","guid":{"rendered":"http:\/\/drmelihsezgic.com\/faq-items\/ab-welchem-alter-kann-eine-brustvergroesserung-durchgefuehrt-werden\/"},"modified":"2023-11-15T19:25:49","modified_gmt":"2023-11-15T16:25:49","slug":"ab-welchem-alter-kann-eine-brustvergroesserung-durchgefuehrt-werden","status":"publish","type":"avada_faq","link":"https:\/\/www.drmelihsezgic.com\/de\/faq-items\/ab-welchem-alter-kann-eine-brustvergroesserung-durchgefuehrt-werden\/","title":{"rendered":"Ab welchem \u200b\u200bAlter kann eine Brustvergr\u00f6\u00dferung durchgef\u00fchrt werden?"},"content":{"rendered":"<p>Eine Brustvergr\u00f6\u00dferungsoperation kann bei Personen durchgef\u00fchrt werden, die keine gesundheitlichen Probleme haben, die eine Operation verhindern, und zwar ab dem 18. Lebensjahr, wenn die Brustentwicklung abgeschlossen ist.<\/p>\n","protected":false},"excerpt":{"rendered":"<p>Eine Brustvergr\u00f6\u00dferungsoperation kann bei Personen durchgef\u00fchrt werden, die keine gesundheitlichen  [&#8230;]<\/p>\n","protected":false},"author":1,"featured_media":0,"menu_order":0,"comment_status":"closed","ping_status":"closed","template":"","format":"standard","meta":{"_acf_changed":false,"_joinchat":[],"footnotes":""},"faq_category":[],"class_list":["post-4837","avada_faq","type-avada_faq","status-publish","format-standard","hentry"],"acf":[],"_links":{"self":[{"href":"https:\/\/www.drmelihsezgic.com\/de\/wp-json\/wp\/v2\/avada_faq\/4837","targetHints":{"allow":["GET"]}}],"collection":[{"href":"https:\/\/www.drmelihsezgic.com\/de\/wp-json\/wp\/v2\/avada_faq"}],"about":[{"href":"https:\/\/www.drmelihsezgic.com\/de\/wp-json\/wp\/v2\/types\/avada_faq"}],"author":[{"embeddable":true,"href":"https:\/\/www.drmelihsezgic.com\/de\/wp-json\/wp\/v2\/users\/1"}],"replies":[{"embeddable":true,"href":"https:\/\/www.drmelihsezgic.com\/de\/wp-json\/wp\/v2\/comments?post=4837"}],"version-history":[{"count":0,"href":"https:\/\/www.drmelihsezgic.com\/de\/wp-json\/wp\/v2\/avada_faq\/4837\/revisions"}],"wp:attachment":[{"href":"https:\/\/www.drmelihsezgic.com\/de\/wp-json\/wp\/v2\/media?parent=4837"}],"wp:term":[{"taxonomy":"faq_category","embeddable":true,"href":"https:\/\/www.drmelihsezgic.com\/de\/wp-json\/wp\/v2\/faq_category?post=4837"}],"curies":[{"name":"wp","href":"https:\/\/api.w.org\/{rel}","templated":true}]}}

Ab welchem ​​Alter kann eine Brustvergrößerung durchgeführt werden?

<p>Eine Brustvergrößerungsoperation kann bei Personen durchgeführt werden, die keine gesundheitlichen Probleme haben, die eine Operation verhindern, und zwar ab dem 18. Lebensjahr, wenn die Brustentwicklung abgeschlossen ist.</p>

<p>Eine Brustvergrößerungsoperation kann bei Personen durchgeführt werden, die keine gesundheitlichen  [&#8230;]</p>
